erivative of 1/3*a**3 + 0 - f*a**4 - 2*a**2 + 0*a + 1/60*a**5. What is l(5)?
-8
Let q(k) = -4*k + 1. Suppose 0 = 3*g + 12, 5*b + g + 3*g + 26 = 0. Calculate q(b).
9
Let k(h) = 3*h - 4*h - 6 - 4*h + 4*h. Calculate k(0).
-6
Let s = -8 - -10. Let a(w) = -3*w**2 + 1 + 4*w**2 - 2*w**s + 4*w. Let v = -8 - -12. What is a(v)?
1
Let f be (16 + -15)/(1 - 2). Let k(x) = -17*x. Give k(f).
17
Let y = -16 + 19. Let x be y/(2/4*3). Let r(f) = -2*f**3 + 2*f**2 - f + 2. Let b(u) = -5*u**3 + 4*u**2 - u + 4. Let h(l) = 3*b(l) - 7*r(l). Determine h(x).
-10
Suppose -4*k = -0*k + 20. Let n be 4 - k/(10/(-4)). Let o(b) = 2*b**n + 2*b**3 - 9*b**3 - 3*b**2. Determine o(-1).
6
Let l(h) = h**2 + 4*h - 12. Let s = 9 - 15. Let i(r) = r**2 + 4*r - 11. Let g(d) = s*i(d) + 5*l(d). Calculate g(-5).
1
Let x = 37 - 45. Let i(v) = v**3 + 9*v**2 + 8*v - 10. Determine i(x).
-10
Let d = 36 + -38. Let q(p) = 2*p**2 + 4*p + 3. Give q(d).
3
Let n(z) = z**2 - 8*z + 7. Let x = 15 + -8. Suppose 3*f - x = -1. Suppose 3*y = 2*k - 4, f*y = 1 + 3. What is n(k)?
-8
Let f = -36 - -35. Let y(a) = 2*a**2 - 2*a - 1. Determine y(f).
3
Let w be 7/3 + (-4)/(-6). Let i(n) = -1 + 3 + n - w + 3. What is i(-3)?
-1
Let a(y) = -6*y**2 + y**3 + 4*y**2 - 2*y**3 - 7*y + 4*y - 1. Determine a(-2).
5
Let j(a) be the third derivative of a**4/12 + 3*a**3/2 + 3*a**2. Let h(m) = 3 + 4 + m - 1. Let v(x) = 8*h(x) - 5*j(x). Calculate v(3).
-3
Let t(h) be the second derivative of -h**4/12 - 3*h**3/2 - 9*h**2/2 + 8*h. Calculate t(-7).
5
Let n be 19/(-4) - (-6 + (-125)/(-20)). Let t(m) = m**2 + 7*m - 1. What is t(n)?
-11
Let c be -24*(-3)/9*2/(-4). Let l(i) = -i**3 - 4*i**2 - 2*i. What is l(c)?
8
Let p(v) be the first derivative of v**3/3 + 3*v**2 + 2*v + 1. Suppose -4*k - k = -20. Suppose -k*s = -5*z - 3*s - 21, -5*z = 2*s + 33. Give p(z).
-3
Let d(t) be the third derivative of 0 + 1/60*t**5 + 1/6*t**4 + 1/3*t**3 + t**2 + 0*t. Let v = -7 - -4. Give d(v).
-1
Let y(u) = u**3 + 4*u**2 - 4*u + 7. Suppose -2*o = 3*o + 10, 4*b + 4*o = -28. Calculate y(b).
2
Let c(q) be the third derivative of -q**5/60 + q**4/8 + q**3/3 + 2*q**2. Suppose -2*s = -s - 10. Let k = s + -5. Determine c(k).
-8
Let t(h) be the second derivative of -h**4/12 + h**3 - 2*h**2 - 28*h. Give t(5).
1
Suppose -5*q + 7 + 3 = 0. Let c(x) = x**3 + 2*x - 4*x + 2 - 4*x**q + x. Calculate c(4).
-2
Let p(s) = -s**3 - s - 1. Let n(u) = -3*u**3 - 6*u**2 - 5*u - 2. Let b(c) = -n(c) + 4*p(c). Calculate b(6).
4
Let o(d) be the second derivative of -d**5/20 + d**3/6 + d**2/2 + 4*d. Let a = -10 - -18. Suppose -a*j + 3*j = 0. Determine o(j).
1
Let z be 32/12*6/4. Let l(d) be the first derivative of -d**4/4 + 2*d**3 - 7*d**2/2 + 4*d - 1. Determine l(z).
8
Let u(z) = z**3 + 104 - 61 - z**2 - 52. Let s = -2 + 2. Give u(s).
-9
Let l(v) be the third derivative of v**5/60 - v**4/3 + 5*v**3/6 + 26*v**2. Give l(8).
5
Let h(g) = -g. Let d(b) = 5*b + 1. Let y = 1 - 3. Let w(r) = y*h(r) - d(r). Determine w(-1).
2
Let w(g) be the third derivative of -2/3*g**3 + 0 + 0*g + 1/24*g**4 + 7*g**2. Give w(6).
2
Let r(h) = h**2 + 5*h + 2. Let l be ((-6)/9)/(6/(-27)). Let c(z) = -4 + 4*z + 0*z**2 + z**l + 1 + 5*z**2. Let m be c(-4). Give r(m).
-4
Let g(j) = j**3 + j**2 - 3. Let z be g(0). Let p = -4 - z. Let h(x) = 0*x - 2 + x - 2*x. Determine h(p).
-1
Let o(l) = -l**2 - l. Let h(j) be the first derivative of -3/2*j**2 + 4/3*j**3 + 1 + 7*j. Let u(t) = h(t) + 3*o(t). What is u(5)?
2
Let m(z) = -2*z + 5. Suppose a - 14 = 3*y, -3*y - 10 = -3*a - 4. Let r be -3 + 0 - (3 + -5). Let g(n) = n - 1. Let o(t) = r*m(t) + y*g(t). Give o(-1).
5
Let m(w) be the first derivative of 1 + 0*w**2 + 0*w + 7/3*w**3. Determine m(-1).
7
Let n(k) be the first derivative of k**7/840 - k**6/72 - k**5/120 - 7*k**4/24 + 5*k**3/3 + 6. Let h(p) be the third derivative of n(p). Calculate h(5).
-12
Let t(w) = w**3 - 4*w**2 - 3*w + 6. Let l be t(4). Let m(v) = -v + 1. Determine m(l).
7
Suppose x = -2 - 5. Let t(w) = w + 7. Give t(x).
0
Let g(d) be the third derivative of d**6/120 + d**5/30 - 5*d**4/24 - d**3/2 + d**2. Suppose 3*o = 2*o + 2*m - 1, -3*o - 11 = 2*m. What is g(o)?
3
Let r(u) be the second derivative of -19*u**3/6 - u**2/2 - 4*u. What is r(-1)?
18
Let f = 3 - 6. Let a(k) = 0*k + 0*k + 3*k. Give a(f).
-9
Let g be -4*(1 - 45/20). Let w(r) = -14*r + 35. Let d be (16/20)/((-1)/(-5)). Let z(u) = -5*u + 12. Let h(f) = d*w(f) - 11*z(f). Determine h(g).
3
Let l(c) be the first derivative of 3*c + 1/3*c**3 + 2 + 3*c**2. Calculate l(-5).
-2
Let b(j) = -j**3 + 3*j + 1. Let i(v) = -v**2 + 8*v + 3. Let z be 6 - 3 - -7 - 2. Let t be i(z). Let o(r) = r**2 - 5*r + 4. Let h be o(t). Determine b(h).
3
Let u = 19 + -8. Suppose -4*o - u - 5 = 0. Let k(i) = i**2 + 6*i - 1. Let g(n) = n**2 + 6*n - 2. Let w(q) = -3*g(q) + 4*k(q). Give w(o).
-6
Let h = -10 - -6. Let x(k) = -k**3 - 4*k**2. Let r be x(h). Suppose -6*g + 3*g + 11 = -2*l, r = 2*l + 5*g + 3. Let d(a) = a + 4. Determine d(l).
0
Let x(k) = k**2 - 3*k - 1. Let l be (-25)/(-4) + (-3)/12. Suppose -s = -l + 1. What is x(s)?
9
Let k = -7 - -4. Let s be 26/10 + 9/(-15). Let u(f) = 3*f**2 + f**2 + f - 2 + 1 - 3*f**s. Determine u(k).
5
Let o = -18 - -9. Let b(h) = -h**3 - 9*h**2 + h + 6. Let u be b(o). Let l(z) = z**3 + 2*z**2 - 2*z. Give l(u).
-3
Suppose 3*o + 2 = -z + 17, -1 = -3*z + 2*o. Let s(k) be the first derivative of -k**2/2 - 4*k + 3. Give s(z).
-7
Let c(q) = q**3 + 4*q**2 - 6*q - 2. Let d = 12 - 7. Suppose 5*o + 5 = 3*w - 5, 0 = -d*o + 2*w - 15. Give c(o).
3
Suppose -5*t - 7 + 2 = 0. Let l(s) be the first derivative of -s**3/3 - s**2/2 + 4. Calculate l(t).
0
Let x(r) = r**2 + 3*r - 4. Let n be (5 - 168/30)/((-1)/(-5)). Determine x(n).
-4
Let v(u) = 5*u**2 - 3*u + 7. Let a(b) be the first derivative of b**3 - b**2/2 + 4*b - 2. Let h(j) = -7*a(j) + 4*v(j). Give h(-5).
0
Let q be 22/33 + (-25)/(-3). Let j(h) = h - 11. Let z be j(q). Let r(n) = n**3 + 2*n**2 - 1. What is r(z)?
-1
Let m be (15 - 3)/3 + -4. Let q(o) = o + 15. Let i(n) = n + 14. Let p(d) = 7*i(d) - 6*q(d). Give p(m).
8
Let z(p) = -p. Let d = 23 - 28. What is z(d)?
5
Let n(m) = m + 2. Suppose -9 = y - 12. Give n(y).
5
Let k(f) = -9*f + 101. Let t be k(11). Let o(a) = 4*a - 2. Determine o(t).
6
Let r(b) = 4*b + 3. Let d = -52 - -49. Calculate r(d).
-9
Let u(z) = -3*z - 4. Suppose 91*y + 3 = 90*y. Calculate u(y).
5
Suppose 0 = -6*g + 7*g + 2*j - 5, 0 = -4*j + 4. Let s(a) = -8*a**3 - g*a**2 - 3*a + 10*a**3 - 3*a**3 - 3. Determine s(-3).
6
Suppose 5*x + 1 = 16. Let g(a) = a**2 - 4*a - 2. Let r(d) = 2*d**2 - 7*d - 4. Let z = -2 - -5. Let q(y) = z*r(y) - 5*g(y). Calculate q(x).
4
Let n = 38 - 44. Let y(l) = l - 5. Calculate y(n).
-11
Let h = -1 - -1. Let l = h - -2. Let p(w) = -4*w**2 - 1 + w + 2 + w**3 - 2 + 2*w. What is p(l)?
-3
Let j(l) be the second derivative of l**5/120 - 5*l**4/24 - 2*l**3/3 - 4*l. Let p(v) be the second derivative of j(v). Let h be 1/2*(-1 - -11). Calculate p(h).
0
Let w(s) be the third derivative of -s**5/60 + 5*s**4/24 - s**3/6 + 2*s**2. Let l be w(4). Let n be 1 + -1 + l + 2. Let f(a) = a**2 - 5*a - 5. Calculate f(n).
-5
Suppose i - 5*d + d = 4, 3*i - 5*d - 12 = 0. Let r(m) = -i - 4*m + 3 + 5. What is r(3)?
-8
Let q be 0*2*3/6. Let k be (5 - 3) + q + -1. Let z(n) = -2*n**2 - 5*n**2 - n**3 + k + 5*n**2. Calculate z(-1).
0
Let u(i) be the third derivative of i**4/8 + i**3/2 + 7*i**2. Give u(-6).
-15
Let m(d) = -d + 15 + 5 - 19 + 6*d**3. Suppose 2*y = y - 5*w + 29, w = -4*y + 21. Let g(b) = b**2 - 4*b + 1. Let c be g(y). Give m(c).
6
Let m(p) = p**3 - 3*p**2 + 5*p - 4. Let j = 24 + -13. Suppose -5*c + 8 = s, 5*s = 2*c + 2*c + j. Calculate m(s).
11
Let t = 46 + -30. Let i = 11 - t. Let j(f) = -f - 5. What is j(i)?
0
Let v(z) = -z - 7. Let m be v(-6). Let x(j) = -2*j**2 - 2*j - 1. Calculate x(m).
-1
Let u(t) = 0*t**2 + 2 + t**2 - 4 + t. Let v be u(0). Let s(r) = 3 + 3 - 3 - r + 2*r**2 + 3*r. What is s(v)?
7
Let u be 4/10*5*1. Let c(j) = -j**3 + j - 2*j + 1 + 3*j + 0*j - j**u. What is c(2)?
-7
Let j be ((-4)/10 - (-4)/10)/(-1). Let r(u) = u - 5. What is r(j)?
-5
Let o(d) = -4 + 0*d - d**2 - 4*d + 5. What is o(-3)?
4
Let r(n) = -n**2 + 7*n. Let k(q) = 4*q - 2. Let m be k(1). Suppose -5*b + 27 = 2*w, -b - 3*b + 24 = m*w. Calculate r(w).
6
Let j(z) = -z**3 + 4 - 4 + 2*z + 5 + 3*z**2. Give j(4).
-3
Let